{"id":4531,"date":"2020-05-07T11:17:48","date_gmt":"2020-05-07T14:17:48","guid":{"rendered":"https:\/\/webmuseu.org\/recursos\/?page_id=4531"},"modified":"2026-03-09T15:11:40","modified_gmt":"2026-03-09T18:11:40","slug":"recursos-web","status":"publish","type":"page","link":"https:\/\/webmuseu.org\/recursos\/recursos-web\/","title":{"rendered":"Recursos Web"},"content":{"rendered":"<section class=\"l-section wpb_row height_medium\"><div class=\"l-section-h i-cf\"><div class=\"g-cols vc_row via_flex valign_top type_default stacking_default\"><div class=\"vc_col-sm-12 wpb_column vc_column_container\"><div class=\"vc_column-inner\"><div class=\"wpb_wrapper\"><div class=\"w-image align_left\"><div class=\"w-image-h\"><img decoding=\"async\" width=\"1000\" height=\"261\" src=\"https:\/\/webmuseu.org\/recursos\/wp-content\/uploads\/sites\/2\/2020\/03\/webmuseu_cyber_security_1.jpeg\" class=\"attachment-full size-full\" alt=\"\" loading=\"lazy\" srcset=\"https:\/\/webmuseu.org\/recursos\/wp-content\/uploads\/sites\/2\/2020\/03\/webmuseu_cyber_security_1.jpeg 1000w, https:\/\/webmuseu.org\/recursos\/wp-content\/uploads\/sites\/2\/2020\/03\/webmuseu_cyber_security_1-300x78.jpeg 300w\" sizes=\"auto, (max-width: 1000px) 100vw, 1000px\" \/><\/div><\/div><div class=\"w-separator size_medium\"><\/div><div class=\"wpb_text_column\"><div class=\"wpb_wrapper\"><h2>O projeto<\/h2>\n<p>O projeto <strong>Recursos Web para GLAM (Museus, Bibliotecas, Arquivos e Galerias)<\/strong> desenvolve e disponibiliza gratuitamente recursos digitais voltados para unidades de informa\u00e7\u00e3o e cultura desde 2019.<\/p>\n<p>Trata-se de um subprojeto da pesquisa <strong>Gest\u00e3o de Museus e Acervos na Web: Tecnologias da Informa\u00e7\u00e3o e Comunica\u00e7\u00e3o<\/strong>, coordenada pela professora <a href=\"https:\/\/anacecilia.digital\/\" target=\"_blank\" rel=\"noopener\">Ana Cec\u00edlia Rocha Veiga<\/a> na Escola de Ci\u00eancia da Informa\u00e7\u00e3o da UFMG.<\/p>\n<p>O projeto desenvolve processos de gest\u00e3o, manuais, templates e protocolos para o portal <a href=\"https:\/\/webmuseu.org\/\" target=\"_blank\" rel=\"noopener noreferrer\">Webmuseu<\/a> (Portal Acad\u00eamico da Professora) e para o <a href=\"https:\/\/webmuseu.org\/lavmuseu\/\" target=\"_blank\" rel=\"noopener noreferrer\">LavMUSEU<\/a> (Laborat\u00f3rio Virtual da ECI\/UFMG), disponibilizando estes recursos para o p\u00fablico em geral neste website.<\/p>\n<\/div><\/div><\/div><\/div><\/div><\/div><\/div><\/section>\n","protected":false},"excerpt":{"rendered":"O projeto O projeto Recursos Web para GLAM (Museus, Bibliotecas, Arquivos e Galerias) desenvolve e disponibiliza gratuitamente recursos digitais voltados para unidades de informa\u00e7\u00e3o e cultura desde 2019. Trata-se de um subprojeto da pesquisa Gest\u00e3o de Museus e Acervos na Web: Tecnologias da Informa\u00e7\u00e3o e Comunica\u00e7\u00e3o, coordenada pela professora Ana Cec\u00edlia Rocha Veiga na Escola...","protected":false},"author":1,"featured_media":4453,"parent":0,"menu_order":2,"comment_status":"closed","ping_status":"closed","template":"","meta":{"footnotes":""},"class_list":["post-4531","page","type-page","status-publish","has-post-thumbnail","hentry"],"_links":{"self":[{"href":"https:\/\/webmuseu.org\/recursos\/wp-json\/wp\/v2\/pages\/4531","targetHints":{"allow":["GET"]}}],"collection":[{"href":"https:\/\/webmuseu.org\/recursos\/wp-json\/wp\/v2\/pages"}],"about":[{"href":"https:\/\/webmuseu.org\/recursos\/wp-json\/wp\/v2\/types\/page"}],"author":[{"embeddable":true,"href":"https:\/\/webmuseu.org\/recursos\/wp-json\/wp\/v2\/users\/1"}],"replies":[{"embeddable":true,"href":"https:\/\/webmuseu.org\/recursos\/wp-json\/wp\/v2\/comments?post=4531"}],"version-history":[{"count":11,"href":"https:\/\/webmuseu.org\/recursos\/wp-json\/wp\/v2\/pages\/4531\/revisions"}],"predecessor-version":[{"id":4963,"href":"https:\/\/webmuseu.org\/recursos\/wp-json\/wp\/v2\/pages\/4531\/revisions\/4963"}],"wp:featuredmedia":[{"embeddable":true,"href":"https:\/\/webmuseu.org\/recursos\/wp-json\/wp\/v2\/media\/4453"}],"wp:attachment":[{"href":"https:\/\/webmuseu.org\/recursos\/wp-json\/wp\/v2\/media?parent=4531"}],"curies":[{"name":"wp","href":"https:\/\/api.w.org\/{rel}","templated":true}]}}