{"id":4721,"date":"2020-07-13T15:44:50","date_gmt":"2020-07-13T18:44:50","guid":{"rendered":"https:\/\/webmuseu.org\/recursos\/?page_id=4721"},"modified":"2020-07-13T15:48:27","modified_gmt":"2020-07-13T18:48:27","slug":"clippling","status":"publish","type":"page","link":"https:\/\/webmuseu.org\/recursos\/sobre\/clippling\/","title":{"rendered":"Clippling"},"content":{"rendered":"<section class=\"l-section wpb_row height_medium\"><div class=\"l-section-h i-cf\"><div class=\"g-cols vc_row via_flex valign_top type_default stacking_default\"><div class=\"vc_col-sm-12 wpb_column vc_column_container\"><div class=\"vc_column-inner\"><div class=\"wpb_wrapper\"><div class=\"w-image align_left\"><div class=\"w-image-h\"><img decoding=\"async\" width=\"1000\" height=\"261\" src=\"https:\/\/webmuseu.org\/recursos\/wp-content\/uploads\/sites\/2\/2020\/04\/webmuseu_glam_resources_wordpress.jpg\" class=\"attachment-full size-full\" alt=\"\" loading=\"lazy\" srcset=\"https:\/\/webmuseu.org\/recursos\/wp-content\/uploads\/sites\/2\/2020\/04\/webmuseu_glam_resources_wordpress.jpg 1000w, https:\/\/webmuseu.org\/recursos\/wp-content\/uploads\/sites\/2\/2020\/04\/webmuseu_glam_resources_wordpress-300x78.jpg 300w\" sizes=\"auto, (max-width: 1000px) 100vw, 1000px\" \/><\/div><\/div><div class=\"w-separator size_medium\"><\/div><div class=\"wpb_text_column\"><div class=\"wpb_wrapper\"><h2>Clipping<\/h2>\n<p>09\/07\/2020 (Cita\u00e7\u00e3o em artigo de jornal) &#8211; <a href=\"https:\/\/www1.folha.uol.com.br\/ilustrada\/2020\/06\/arquivos-e-museus-estao-em-busca-de-relatos-de-experiencias-da-pandemia.shtml\" target=\"_blank\" rel=\"noopener noreferrer\">Folha de S\u00e3o Paulo: Arquivos e museus est\u00e3o em busca de relatos de experi\u00eancias da pandemia<\/a><\/p>\n<p>06\/07\/2020 (Artigo da coordenadora do projeto) &#8211; <a href=\"https:\/\/www.linkedin.com\/pulse\/o-futuro-dos-museus-virtual-e-os-arquivos-da-pandemia-rocha-veiga\/\" target=\"_blank\" rel=\"noopener noreferrer\">O futuro dos museus, o virtual e os arquivos da pandemia<\/a><\/p>\n<p>18\/05\/2020 (Cita\u00e7\u00e3o em website) &#8211; <a href=\"http:\/\/cidoc.mini.icom.museum\/covid-19-information\/\" target=\"_blank\" rel=\"noopener noreferrer\">ICOM CIDOC &#8211; Covid-19 Information<\/a><\/p>\n<p>12\/05\/2020 (Cita\u00e7\u00e3o em website) &#8211; <a href=\"https:\/\/icom-portugal.org\/2020\/05\/12\/25-recomendacoes-para-a-reabertura-dos-museus\/\" target=\"_blank\" rel=\"noopener noreferrer\">ICOM Portugal: Recomenda\u00e7\u00f5es para Reabertura dos Museus<\/a><\/p>\n<p>02\/05\/2020 (Not\u00edcia na r\u00e1dio CBN) &#8211; <a href=\"https:\/\/www.facebook.com\/webmuseu\/videos\/2664559607114666\/\" target=\"_blank\" rel=\"noopener noreferrer\">Reportagem sobre ciberseguran\u00e7a em tempos de pandemia baseada neste projeto<\/a><\/p>\n<p>27\/04\/2020 (Not\u00edcia no site do IBRAM) &#8211; <a href=\"https:\/\/sabermuseu.museus.gov.br\/covid-19-referencias-guias-e-recursos-para-os-museus-webmuseu-org\/\" target=\"_blank\" rel=\"noopener noreferrer\">COVID-19 Refer\u00eancias: Guias e recursos para os museus \u2013 Webmuseu.org<\/a><\/p>\n<p>07\/04\/2020 (Artigo no notici\u00e1rio da UFMG) &#8211; <a href=\"https:\/\/ufmg.br\/comunicacao\/noticias\/projeto-de-professora-da-eci-recomenda-acoes-de-ciberseguranca-no-trabalho-feito-de-casa\" target=\"_blank\" rel=\"noopener noreferrer\">Professora da ECI recomenda a\u00e7\u00f5es de ciberseguran\u00e7a no trabalho feito em casa<\/a><\/p>\n<\/div><\/div><\/div><\/div><\/div><\/div><\/div><\/section>\n","protected":false},"excerpt":{"rendered":"Clipping 09\/07\/2020 (Cita\u00e7\u00e3o em artigo de jornal) &#8211; Folha de S\u00e3o Paulo: Arquivos e museus est\u00e3o em busca de relatos de experi\u00eancias da pandemia 06\/07\/2020 (Artigo da coordenadora do projeto) &#8211; O futuro dos museus, o virtual e os arquivos da pandemia 18\/05\/2020 (Cita\u00e7\u00e3o em website) &#8211; ICOM CIDOC &#8211; Covid-19 Information 12\/05\/2020 (Cita\u00e7\u00e3o em...","protected":false},"author":1,"featured_media":4453,"parent":3087,"menu_order":6,"comment_status":"closed","ping_status":"closed","template":"","meta":{"footnotes":""},"class_list":["post-4721","page","type-page","status-publish","has-post-thumbnail","hentry"],"_links":{"self":[{"href":"https:\/\/webmuseu.org\/recursos\/wp-json\/wp\/v2\/pages\/4721","targetHints":{"allow":["GET"]}}],"collection":[{"href":"https:\/\/webmuseu.org\/recursos\/wp-json\/wp\/v2\/pages"}],"about":[{"href":"https:\/\/webmuseu.org\/recursos\/wp-json\/wp\/v2\/types\/page"}],"author":[{"embeddable":true,"href":"https:\/\/webmuseu.org\/recursos\/wp-json\/wp\/v2\/users\/1"}],"replies":[{"embeddable":true,"href":"https:\/\/webmuseu.org\/recursos\/wp-json\/wp\/v2\/comments?post=4721"}],"version-history":[{"count":3,"href":"https:\/\/webmuseu.org\/recursos\/wp-json\/wp\/v2\/pages\/4721\/revisions"}],"predecessor-version":[{"id":4724,"href":"https:\/\/webmuseu.org\/recursos\/wp-json\/wp\/v2\/pages\/4721\/revisions\/4724"}],"up":[{"embeddable":true,"href":"https:\/\/webmuseu.org\/recursos\/wp-json\/wp\/v2\/pages\/3087"}],"wp:featuredmedia":[{"embeddable":true,"href":"https:\/\/webmuseu.org\/recursos\/wp-json\/wp\/v2\/media\/4453"}],"wp:attachment":[{"href":"https:\/\/webmuseu.org\/recursos\/wp-json\/wp\/v2\/media?parent=4721"}],"curies":[{"name":"wp","href":"https:\/\/api.w.org\/{rel}","templated":true}]}}